39 + 44 - (-33 + 15).
23
What is the value of (191 - 179) + (-6 - (0 - (-2 + 4)))?
8
Calculate 3 + -1 + 0 + (-88 - -82).
-4
-22 - (5 - ((15 - -8) + -2))
-6
Calculate (-2 - 11) + (30 - (23 + -4)).
-2
Calculate (87 - 78) + (-1 - -1 - 27).
-18
Evaluate -7 + 10 + (1 - (5 + 0)) + 7.
6
Evaluate -65 + 71 - (-1 - -1) - 27.
-21
Evaluate (-11 - 5) + 28 + -2 + -39.
-29
What is 7 + (-29 - -30) + (-8 - -1)?
1
-5 - 4 - (-13 + (6 - 2))
0
What is -1 + 8 - (8 + -14 + 6 + 7)?
0
What is the value of -2 - -8 - (121 + -126)?
11
What is 10 + (3 + 6 - 7) - 1?
11
Calculate -1 + -40 - (-6 - (-6 + 2)) - -4.
-35
(1 - 2) + (3 - 5) + 51 + -62
-14
What is -13 + -20 + 3 + 9 - 5?
-26
Evaluate (-4 - (2 + -6 - -17)) + (7 - 0).
-10
What is -6 + -19 + -16 + 31?
-10
-14 - (-6 + (32 - 31 - (2 - 1)))
-8
Calculate -21 + (12 - -4) + 5 + 1 - 16.
-15
What is -1 + 0 + 0 - (-22 - -31)?
-10
Evaluate 18 - (30 - 16 - (17 + -9)).
12
-6 + (8 - -1 - (-15 - -18))
0
2 + 9 + 0 - 4 - (25 - 1)
-17
-4 + -1 + 12 + (-36 - -47)
18
What is the value of -10 + (-1 - (-8 - 2)) + 20?
19
Evaluate 1 + (21 - 25 - ((4 - 6) + -2)).
1
(4 - -2 - 4) + (7 - (16 - 8))
1
What is the value of 34 + (-112 - -34) - -29?
-15
What is (31 - 9 - 3) + -9?
10
What is -6 + -8 + (6 - 3)?
-11
Calculate 6 + -4 + 3 - (23 + -17).
-1
Evaluate (-8 - ((-4 - 5) + -2)) + -4.
-1
Calculate (-1 - 30) + 15 - -23.
7
What is (1 - (1 - -5)) + -1 + -7 + 2?
-11
26 - (3 + -2 + 8 + -15 + 9)
23
What is the value of (-1 - 0) + -7 - ((37 - 50) + 30)?
-25
Evaluate 23 + (-4 - 9) - 10.
0
What is the value of 23 - (-2 + 1 + 20)?
4
9 + -16 - 20 - (-2 + -5)
-20
What is (-1 - 22) + 57 + -55?
-21
What is 23 + -25 + (4 + -1 - -1) + 2?
4
Calculate (0 + -10 - -7) + 2 + (9 - 3).
5
What is -20 + (18 - -26) - 0?
24
Evaluate 3 + (-3 + -12 - (2 - (6 + 4))).
-4
What is the value of -16 - (17 + -6 - 19) - -12?
4
Evaluate (111 - 109) + (0 - 2) + -1 + 3.
2
Calculate -5 + 12 + -6 - (30 - 17).
-12
Calculate 4 + (-2 + 6 - 5) + 6 + 1.
10
6 - (26 + 1 + (13 - 32 - -23))
-25
Calculate -7 - (-5 + (-6 - 1)) - 0.
5
Calculate -14 + (-12 - -32) + 14.
20
Calculate -2 - -3 - ((-13 - 0) + 13).
1
(0 + -20 - -29) + 2 + 1
12
14 + (18 - 23) - (-1 + -3)
13
What is (-2 - 4) + (-3 - -4 - 4)?
-9
What is (2 - -4) + 9 + (-6 - 6)?
3
4 + 6 - (16 + -17 + 12)
-1
-14 - -10 - (6 - (-1 - 0) - 16)
5
What is the value of 5 + -4 + -19 - (15 - -2)?
-35
What is -29 + 47 + -13 - (-1 + 7)?
-1
-11 + (-4 + -2 - -25)
8
18 - 40 - 11 - -20
-13
Calculate -14 + (17 - 15 - -8).
-4
Evaluate (0 + 9 - 21) + -12 + 13.
-11
What is the value of 5 + (3 - (9 + -9))?
8
(12 - 3) + -4 + 5
10
(0 + -9 - 1) + -80 + 69
-21
What is (-18 - (11 - 19)) + 7?
-3
(-2 - 35) + (-63 - -125)
25
-3 + (1 - (2 - -2) - 7) + 5
-8
(-1 - -3 - (4 - 2 - -4)) + 16
12
26 + -14 + (-3 + 1 - -6 - 1)
15
Calculate 33 + -12 - (-4 + -6 + 17).
14
58 + -15 - (56 + -24)
11
Calculate 19 - (11 - (17 - 13)).
12
What is -11 + 46 - -4 - 26?
13
-35 - (-66 + 21 + 16)
-6
What is the value of (9 - 1) + 38 + -58 - (-15 - -7)?
-4
(19 + 1 - 2) + (4 - (6 - -5))
11
What is (1 - -25) + (10 + -41 - -25)?
20
(0 - (-10 - (-3 - -1))) + (-106 - -96)
-2
Calculate (-2 + -3 - 1) + -437 + 443.
0
Calculate 2 - (-14 + 33 - 32).
15
Calculate (-2 - -26) + -6 - (-9 - -1).
26
What is the value of -2 + 0 + -3 + (6 + -6 - 12)?
-17
What is 11 + -2 + 16 + 7 + -16?
16
-16 + (-9 - (10 - (21 + 2)) - 4)
-16
What is the value of -2 - (3 + (-3 + 0 - -10))?
-12
4 + (-12 + -10 - -12) + 22
16
What is the value of -7 - ((10 - 1) + -7) - 1?
-10
Calculate -11 - (1 - (1 + 4)).
-7
Evaluate -16 + -3 + (-4 - -23 - 11) - -31.
20
What is -26 - (1 - (-13 + (-2 - -9)))?
-33
What is the value of 4 - -11 - (3 + -11 + 10)?
13
What is the value of 1051 + -1034 + -3 + (-2 - 0)?
12
What is (12 - -6) + (4 - 7) + -28?
-13
What is the value of -13 + 5 - 4 - -10?
-2
-23 + (-8 - -28) - (-2 - -4)
-5
What is the value of (1 - -3) + (-13 + 1 - -1 - -9)?
2
Evaluate (-8 - -17) + -1 + -6 - -4.
6
What is 7 + -7 + -1 - 3 - (2 + -1)?
-5
-4 + (-16 - -18) - (-27 - 3)
28
What is 11 + 0 - (-49 + 61)?
-1
Evaluate -3 + 13 + -8 + -1.
1
(-24 + (-6 - -11) - -13) + -8
-14
-7 + (7 - 9) + 1 - -18
10
What is the value of -33 - (-4 + (-5 - 6))?
-18
What is 35 - 0 - (655 + -617)?
-3
What is -13 + 4 + 4 + 1 - -22?
18
What is 0 + -5 + 51 + -32?
14
Evaluate -19 + 11 - -2 - (0 + 0 + -10).
4
Evaluate 14 - (-26 + 14) - 5.
21
Evaluate -4 - 1 - (-2 - (-30 + 35)).
2
5 + -4 + -7 + 6 - (2 + -14)
12
Calculate -1 - (-14 + (14 - 13 - (-3 - -1))).
10
What is (-5 - 0) + (-1 + 12 - (1 + -2))?
7
Calculate 46 + -37 - (0 + -2 + 1).
10
What is (-4 - -5) + (6 - (15 + -9))?
1
Calculate -15 - ((-8 - 3) + -11).
7
What is the value of 14 + 12 - (13 + -13)?
26
Calculate 2 - -14 - (20 - -7).
-11
What is 1 + (-24 - -14) - -5?
-4
Evaluate 1 + (9 - 0) + 64 + -72.
2
13 + (4 - 25) + (31 - 19) - -33
37
What is the value of 4 + (27 + -15 - 22)?
-6
What is the value of 0 + (-9 - (-18 - -10))?
-1
What is -9 + -1 - -8 - 9?
-11
What is -1 - -4 - (-19 - (23 - 2) - -19)?
24
(-1 - -2) + 4 + 9 + -6 + -10
-2
-7 + ((5 + 5 - 8) + 30 - 3)
22
Calculate 14 - -36 - (-15 + 35).
30
Evaluate 9 - ((54 - (6 + -4)) + (121 - 132)).
-32
Evaluate -37 + (10 - -36 - 25).
-16
What is the value of (-34 - -38) + (3 + -28 - -3 - 3)?
-21
Calculate -2 + 1 - (-17 - -23 - 1).
-6
5 + (-8 + -4 - 7) + (-12 - -18)
-8
Calculate 37 - 17 - 48 - (-3 + -8).
-17
Evaluate -4 + -2 + 0 - 4 - 0.
-10
Evaluate 13 + -27 - (-1 + 1 - -6).
-20
(8 - (-1 + 6 + -3 + 0)) + -19
-13
What is the value of -7 + 15 + 4 + -12 + 3 + -10?
-7
-33 + 0 - (-1228 - -1171)
24
Evaluate 4 + 11 + -2 + -2 + (117 - 98).
30
What is the value of (6 - (22 - 27)) + (-2 - 37)?
-28
9 + (10 + 8 + -25 - -8)
10
What is the value of 35 + 24 + -27 + -33?
-1
What is the value of 15 + -4 + (397 - 435)?
-27
What is (8 - -34) + -3 + (-2 - 10)?
27
Calculate -48 + 55 + 17 + (14 - -1).
39
What is -45 + 41 - (4 + (0 - 1) - -2)?
-9
What is -3205 + 3225 - (-6 + (0 - 1 - -2))?
25
What is the value of -3 - 2 - (1 - (-7 + 4))?
-9
25 + 1 + -150 + 141
17
What is 17 + -16 + (14 - -9) - 9?
15
Evaluate -4 - 1 - (-2 + 16 + -12).
-7
What is the value of 33 - (-15 + -18 + 47)?
19
Evaluate (43 - 14 - 12) + (-3 + 1 - -1).
16
What is 48 + -55 - (-2 + -2 + 1 - -9)?
-13
5 - (8 - 1) - -4
2
Evaluate -1 - 3 - (-7 - 24 - -19).
8
Evaluate 240 + -252 - (-20 + 0).
8
7 - (33 - (-19 + (-8 - -26)))
-27
What is (-3 + 1 + 23 - 9) + 5?
17
10 + -16 + 9 + 4
7
Calculate 7 + ((11 + -7 - 11) + -3 - -8).
5
What is the value of 25 - ((8 - -3) + -19 + 20)?
13
Calculate 7 + 2 + (-8 - -13) + -2.
12
Evaluate -5 + -13 + 7 + (6 - 5).
-10
3 - 2 - (-26 - -21) - 0
6
What is -25 - (-1 + 9 - (9 + 2 + 6))?
-16
3 - 4 - (6 - 20)
13
What is 13 + 2 + 9 + -39?
-15
12 - 1 - 4 - ((-12 - -6) + 1)
12
Evaluate 5 + (-7 + (-5 - (-4 + -3)) - 8).
-8
Calculate (2 - -14) + (-4 - -5) + -4.
13
What is (18 - 2) + 44 + -86?
-26
What is (9 - (10 + 2 - 9)) + 0?
6
What is -2 + (3 - 7) + (1 - (2 + -8))?
1
What is -12 + 2 + (-4 - (-1 + (4 - 2)))?
-15
Calculate 28 + -30 + -1 + 3 - -3.
3
Evaluate -21 - -18 - 12 - -14.
-1
Evaluate -10 - -19 - (-10 + 12).
7
Evaluate -11 + (3 + -4 - 1) + (6 - 1).
-8
-1 - (19 + -15 + -2 + 3 - -2)
-8
What is (14 + 12 + -8 - 50) + 6?
-26
What is -13 + (3 - 0) - (3 + 1)?
-14
Evaluate (0 - (-7 + 4)) + 0 + 15.
18
Calculate -4 + (-5 + (0 - 1) - (-177 - -170)).
-3
(2 + -4 - (-9 + 1)) + 6 + -30
-18
4 - (13 + -6) - (1 + -6)
2
What is (4 - 0) + (-5 + -3 + 5 - 12)?
-11
Calculate -15 - (-7 - -17 - (28 + -9)) - -1.
-5
Evaluate -3 + (-11 - (-11 - -4)) + (14 - 1).
6
What is the value of -11 - (-5 - (7 + -6))?
-5
Calculate 36 - (-16 - (-16 + 0 + -6)).
30
What is 2 + -8 - (4 - 7 - 7)?
4
(-16 - (-14 + -3)) + 13
14
What is -4 + (4 - -1) + (-7 + 3 - -12)?
9
Evaluate (-2 - 1) + (2 - -12) + 1.
12
What is the value of -1644 - -1622 - (0 + -36)?
14
-9 + 8 + 10 + 1 + -1 + -5
4
What is 7 - 3 - ((-1 - -5) + -10 - 0)?
10
Evaluate 1 + -91 + 95 - (-16 - -1).
20
Evaluate 1 + 15 + (-16 + 29 - (4 + 12)).
13
35 + (15 - (10 - -19))
21
(-30 - -13 - -16) + 6 + 9
14
-2 + 1 + -9 - -8 - 6
-8
Calculate -15 + 12 - (4 - 16).
9
What is the value of (6 - 15) + 17 + 1?
9
(-5 - (-10 + 7 - 6)) + 8
12
2 - (-16 + 8) - 21
-11
Evaluate -3 - -2 - 0 - ((6 - -4) + -5).
-6
What is the value of 1 + -33 + 45 + (0 - 9)?
4
Calculate 1 + 6 + 6 + -1 + -5 + -8.
-1
What is the value o